 of 6667777?
7
What is the thousands digit of 108935?
8
What is the ten thousands digit of 11503735?
0
What is the ten thousands digit of 339643?
3
What is the tens digit of 1126151?
5
What is the units digit of 58780?
0
What is the tens digit of 3329641?
4
What is the ten thousands digit of 18586713?
8
What is the tens digit of 2935675?
7
What is the hundreds digit of 19110677?
6
What is the units digit of 166294?
4
What is the hundred thousands digit of 5696423?
6
What is the tens digit of 56399?
9
What is the millions digit of 3292426?
3
What is the ten thousands digit of 1995872?
9
What is the tens digit of 279931?
3
What is the ten thousands digit of 10531?
1
What is the hundred thousands digit of 3573678?
5
What is the tens digit of 216832?
3
What is the ten thousands digit of 162372?
6
What is the thousands digit of 2724531?
4
What is the millions digit of 2478797?
2
What is the units digit of 1956589?
9
What is the thousands digit of 288547?
8
What is the tens digit of 5355634?
3
What is the hundreds digit of 839148?
1
What is the hundreds digit of 2033608?
6
What is the millions digit of 23739962?
3
What is the tens digit of 350532?
3
What is the ten thousands digit of 19071510?
7
What is the tens digit of 413687?
8
What is the units digit of 164588?
8
What is the thousands digit of 89311?
9
What is the millions digit of 1582151?
1
What is the thousands digit of 753322?
3
What is the thousands digit of 8651083?
1
What is the tens digit of 1296427?
2
What is the units digit of 106026?
6
What is the tens digit of 3460707?
0
What is the hundreds digit of 4692435?
4
What is the units digit of 58112?
2
What is the units digit of 1468100?
0
What is the millions digit of 3751816?
3
What is the hundreds digit of 283675?
6
What is the units digit of 913995?
5
What is the thousands digit of 324656?
4
What is the hundred thousands digit of 365346?
3
What is the hundreds digit of 55173?
1
What is the hundreds digit of 1916265?
2
What is the tens digit of 2284965?
6
What is the thousands digit of 169715?
9
What is the tens digit of 23013910?
1
What is the millions digit of 6614367?
6
What is the units digit of 3606215?
5
What is the thousands digit of 579205?
9
What is the thousands digit of 193393?
3
What is the hundreds digit of 4668362?
3
What is the tens digit of 36046?
4
What is the ten thousands digit of 3421050?
2
What is the hundred thousands digit of 1191693?
1
What is the thousands digit of 370380?
0
What is the ten thousands digit of 63693?
6
What is the millions digit of 3599298?
3
What is the millions digit of 9028437?
9
What is the thousands digit of 748049?
8
What is the ten millions digit of 34437713?
3
What is the tens digit of 1840973?
7
What is the hundred thousands digit of 17797416?
7
What is the units digit of 154874?
4
What is the tens digit of 1185427?
2
What is the hundreds digit of 15701528?
5
What is the thousands digit of 9100389?
0
What is the hundreds digit of 1229522?
5
What is the thousands digit of 381269?
1
What is the hundreds digit of 13940?
9
What is the hundred thousands digit of 647887?
6
What is the hundred thousands digit of 15761699?
7
What is the millions digit of 22438499?
2
What is the tens digit of 1567936?
3
What is the ten thousands digit of 8890624?
9
What is the units digit of 9272378?
8
What is the ten thousands digit of 1033670?
3
What is the units digit of 22196967?
7
What is the hundreds digit of 90637?
6
What is the thousands digit of 156864?
6
What is the tens digit of 5679188?
8
What is the hundreds digit of 410868?
8
What is the units digit of 2391760?
0
What is the tens digit of 13072?
7
What is the thousands digit of 273526?
3
What is the thousands digit of 41025?
1
What is the hundreds digit of 746234?
2
What is the hundred thousands digit of 5314336?
3
What is the hundreds digit of 9805?
8
What is the units digit of 998521?
1
What is the ten thousands digit of 1960226?
6
What is the units digit of 572122?
2
What is the tens digit of 432315?
1
What is the ten thousands digit of 2352984?
5
What is the hundred thousands digit of 2435685?
4
What is the ten thousands digit of 2199056?
9
What is the units digit of 25264354?
4
What is the tens digit of 162513?
1
What is the hundreds digit of 112187?
1
What is the hundreds digit of 532583?
5
What is the thousands digit of 5184849?
4
What is the millions digit of 4229664?
4
What is the units digit of 1142918?
8
What is the ten thousands digit of 132253?
3
What is the hundreds digit of 1005406?
4
What is the thousands digit of 274849?
4
What is the millions digit of 1293322?
1
What is the tens digit of 429412?
1
What is the hundreds digit of 138901?
9
What is the ten thousands digit of 138925?
3
What is the thousands digit of 2556294?
6
What is the hundreds digit of 331332?
3
What is the tens digit of 2152564?
6
What is the tens digit of 290505?
0
What is the ten thousands digit of 327085?
2
What is the tens digit of 4878336?
3
What is the ten thousands digit of 146518?
4
What is the units digit of 11258413?
3
What is the ten thousands digit of 184935?
8
What is the units digit of 4158521?
1
What is the thousands digit of 328509?
8
What is the ten thousands digit of 495757?
9
What is the tens digit of 276908?
0
What is the hundreds digit of 3066343?
3
What is the hundreds digit of 134224?
2
What is the thousands digit of 9523145?
3
What is the hundreds digit of 808372?
3
What is the ten thousands digit of 275102?
7
What is the ten thousands digit of 305353?
0
What is the ten thousands digit of 752754?
5
What is the hundred thousands digit of 7751120?
7
What is the units digit of 1392032?
2
What is the thousands digit of 31119629?
9
What is the tens digit of 23099157?
5
What is the hundreds digit of 315848?
8
What is the ten thousands digit of 307736?
0
What is the ten thousands digit of 398545?
9
What is the millions digit of 1256122?
1
What is the thousands digit of 14706737?
6
What is the units digit of 11056718?
8
What is the hundred thousands digit of 12550985?
5
What is the ten thousands digit of 62264?
6
What is the tens digit of 18630?
3
What is the hundred thousands digit of 6913770?
9
What is the ten thousands digit of 830038?
3
What is the tens digit of 3461194?
9
What is the millions digit of 1556037?
1
What is the tens digit of 32815?
1
What is the tens digit of 4325316?
1
What is the hundreds digit of 14350983?
9
What is the millions digit of 10014423?
0
What is the hundreds digit of 7343686?
6
What is the hundreds digit of 14497?
4
What is the units digit of 6028391?
1
What is the hundreds digit of 26275629?
6
What is the ten thousands digit of 14943734?
4
What is the units digit of 78944?
4
What is the tens digit of 12594127?
2
What is the ten thousands digit of 121859?
2
What is the hundreds digit of 76336?
3
What is the hundred thousands digit of 7363755?
3
What is the thousands digit of 21636842?
6
What is the tens digit of 2020195?
9
What is the ten thousands digit of 429645?
2
What is the ten thousands digit of 301368?
0
What is the tens digit of 1077703?
0
What is the tens digit of 1245460?
6
What is the millions digit of 7022401?
7
What is the thousands digit of 17570598?
0
What is the thousands digit of 2915541?
5
What is the hundreds digit of 3070901?
9
What is the hundreds digit of 1041406?
4
What is the units digit of 397028?
8
What is the tens digit of 53532?
3
What is the millions digit of 5794723?
5
What is the thousands digit of 4721914?
1
What is the ten thousands digit of 73573?
7
What is the hundreds digit of 1700659?
6
What is the hundreds digit of 77111?
1
What is the hundreds digit of 308206?
2
What is the thousands digit of 91953?
1
What is the tens digit of 8526830?
3
What is the hundred thousands digit of 728360?
7
What is the thousands digit of 1337234?
7
What is the hundred thousands digit of 3492763?
4
What is the hundred thousands digit of 370578?
3
What is the tens digit of 3117843?
4
What is the ten thousands digit of 5116269?
1
What is the tens digit of 3400657?
5
What is the units digit of 8608995?
5
What is the ten thousands digit of 182297?
8
What is the ten thousands digit of 9113293?
1
What is the hundreds digit of 622011?
0
What is the thousands digit of 28252181?
2
What is the hundreds dig